{"id":6302,"date":"2025-03-31T21:52:44","date_gmt":"2025-04-01T02:52:44","guid":{"rendered":"https:\/\/frenchtestsimulator.com\/beta\/essai-gratuit-simulations-tefcanada-copy\/"},"modified":"2026-01-13T02:01:33","modified_gmt":"2026-01-13T07:01:33","slug":"test-de-niveau-gratuit-tefquebec-tefaq","status":"publish","type":"page","link":"https:\/\/frenchtestsimulator.com\/beta\/fr\/test-de-niveau-gratuit-tefquebec-tefaq\/","title":{"rendered":"Test de niveau gratuit &#8211; TEF Qu\u00e9bec TEFAQ"},"content":{"rendered":"\n<h1 class=\"eplus-wrapper wp-block-heading has-text-align-center has-text-color has-link-color wp-elements-3c9d9c999df1843b3ca85141d0e8476d\" id=\"h-test-de-niveau-de-francais-tef-quebec-tefaq\" style=\"color:#061bb0\">Test de niveau de fran\u00e7ais \u2013 TEF Qu\u00e9bec (TEFAQ)<\/h1>\n\n\n\n<div class=\"wp-block-uagb-info-box uagb-block-1ad8f57e uagb-infobox__content-wrap  uagb-infobox-icon-above-title uagb-infobox-image-valign-top\"><div class=\"uagb-ifb-content\"><div class=\"uagb-ifb-icon-wrap\"><div class=\"uagb-iconbox-icon-wrap uagb-infobox-shape-circle\"><svg xmlns=\"https:\/\/www.w3.org\/2000\/svg\" viewBox=\"0 0 512 512\"><path d=\"M0 256C0 114.6 114.6 0 256 0C397.4 0 512 114.6 512 256C512 397.4 397.4 512 256 512C114.6 512 0 397.4 0 256zM371.8 211.8C382.7 200.9 382.7 183.1 371.8 172.2C360.9 161.3 343.1 161.3 332.2 172.2L224 280.4L179.8 236.2C168.9 225.3 151.1 225.3 140.2 236.2C129.3 247.1 129.3 264.9 140.2 275.8L204.2 339.8C215.1 350.7 232.9 350.7 243.8 339.8L371.8 211.8z\"><\/path><\/svg><\/div><\/div><div class=\"uagb-ifb-title-wrap\"><h2 class=\"uagb-ifb-title\"><strong>Ce test de niveau gratuit vous permet d\u2019obtenir :<\/strong><br>\u2714\ufe0f une estimation indicative de votre niveau de fran\u00e7ais selon les exigences du TEF Qu\u00e9bec (TEFAQ)<br>\u2714\ufe0f une estimation globale de votre niveau linguistique<br>\u2714\ufe0f une familiarisation avec le format g\u00e9n\u00e9ral des \u00e9preuves du TEF Qu\u00e9bec<br>\u2714\ufe0f une d\u00e9couverte de la plateforme avant d\u2019entamer une pr\u00e9paration compl\u00e8te.<\/h2><\/div><\/div><\/div>\n\n\n\n<p class=\" eplus-wrapper\"><\/p>\n\n\n\n<h3 class=\"wp-block-heading has-text-align-center has-black-color has-text-color has-link-color eplus-wrapper wp-elements-e0560d70bbe100a6c7840428f9dfe483\" id=\"h-ce-test-de-niveau-gratuit-a-pour-objectif-de-vous-aider-a-vous-situer-avant-le-passage-du-tef-quebec-tefaq-il-vous-permet-d-obtenir-une-estimation-indicative-de-votre-niveau-de-francais-en-lien-avec-les-competences-generales-evaluees-dans-le-tef-quebec-et-de-vous-familiariser-avec-le-format-des-epreuves-les-resultats-fournis-ne-constituent-pas-un-score-officiel-mais-une-indication-globale-destinee-a-vous-orienter-avant-d-entamer-une-preparation-adaptee-a-votre-projet-d-immigration-ou-de-certification\">Ce test de niveau gratuit a pour objectif de vous <strong>aider \u00e0 vous situer<\/strong> avant le passage du TEF Qu\u00e9bec (TEFAQ).<br>Il vous permet d\u2019obtenir <strong>une estimation indicative de votre niveau de fran\u00e7ais<\/strong>, en lien avec les comp\u00e9tences g\u00e9n\u00e9rales \u00e9valu\u00e9es dans le TEF Qu\u00e9bec, et de vous familiariser avec le format des \u00e9preuves.<br>Les r\u00e9sultats fournis <strong>ne constituent pas un score officiel<\/strong>, mais une indication globale destin\u00e9e \u00e0 vous orienter avant d\u2019entamer une pr\u00e9paration adapt\u00e9e \u00e0 votre projet d\u2019immigration ou de certification.<\/h3>\n\n\n\n<div class=\"wp-block-premium-container premium-container-611ff4758be5  alignfull premium-is-root-container\"><div class=\"premium-container-inner-blocks-wrap\">\n<div class=\"wp-block-uagb-inline-notice uagb-inline_notice__align-center uagb-block-958abb6f\"><button class=\"uagb-notice-close-button\" type=\"button\" aria-label=\"Close\"><\/button><h3 class=\"uagb-notice-title\">Comp\u00e9tences prises en compte dans le test de niveau<\/h3><div class=\"uagb-notice-text\">\n<p class=\" has-medium-font-size eplus-wrapper\"><strong><strong><strong>Expression Orale<\/strong><\/strong><\/strong> \u2714\ufe0f<br><strong><strong>Expression \u00c9crite<\/strong><\/strong> \u2714\ufe0f<\/p>\n\n\n\n<p class=\" has-medium-font-size eplus-wrapper\"><strong><strong><strong><strong>Compr\u00e9hension<\/strong><\/strong> \u00c9crite<\/strong><\/strong> \u2714\ufe0f<br><strong><strong><strong><strong>Compr\u00e9hension Orale<\/strong><\/strong><\/strong><\/strong> \u2714\ufe0f<\/p>\n\n\n\n<p class=\" eplus-wrapper\"><em>\u00c9valuation indicative, con\u00e7ue pour vous situer avant une pr\u00e9paration compl\u00e8te au TEF Qu\u00e9bec (TEFAQ).<\/em><\/p>\n<\/div><\/div>\n\n\n\n<div class=\"wp-block-uagb-buttons uagb-buttons__outer-wrap uagb-btn__default-btn uagb-btn-tablet__default-btn uagb-btn-mobile__default-btn uagb-block-8fcd82c8\"><div class=\"uagb-buttons__wrap uagb-buttons-layout-wrap \">\n<div class=\"wp-block-uagb-buttons-child uagb-buttons__outer-wrap uagb-block-8f6a3635 wp-block-button\"><div class=\"uagb-button__wrapper\"><a class=\"uagb-buttons-repeater wp-block-button__link\" aria-label=\"\" href=\"https:\/\/frenchtestsimulator.com\/beta\/fr\/product\/essai-gratuit-test-tef-quebec-tefaq\/\" rel=\"follow noopener\" target=\"_blank\" role=\"button\"><div class=\"uagb-button__link\">Je commence l&#8217;\u00e9valuation  gratuite <\/div><span class=\"uagb-button__icon uagb-button__icon-position-after\"><svg xmlns=\"https:\/\/www.w3.org\/2000\/svg\" viewBox=\"0 0 512 512\" aria-hidden=\"true\" focussable=\"false\"><path d=\"M502.6 278.6l-128 128c-12.51 12.51-32.76 12.49-45.25 0c-12.5-12.5-12.5-32.75 0-45.25L402.8 288H32C14.31 288 0 273.7 0 255.1S14.31 224 32 224h370.8l-73.38-73.38c-12.5-12.5-12.5-32.75 0-45.25s32.75-12.5 45.25 0l128 128C515.1 245.9 515.1 266.1 502.6 278.6z\"><\/path><\/svg><\/span><\/a><\/div><\/div>\n<\/div><\/div>\n\n\n\n<p class=\" has-text-align-center eplus-wrapper\"><em><em><em><em>Aucun paiement requis. Aucun abonnement automatique.<\/em><br>Test de niveau gratuit \u2013 sans engagement<\/em><\/em><\/em><\/p>\n<\/div><\/div>\n\n\n\n<p class=\" has-medium-font-size eplus-wrapper\">\ud83d\udfe2 \u279c <a href=\"https:\/\/frenchtestsimulator.com\/beta\/fr\/preparation-tef\/\">D\u00e9couvrir les parcours de pr\u00e9paration au <strong>TEF<\/strong><\/a><\/p>\n\n\n\n<p class=\" eplus-wrapper\"><\/p>\n\n\n\n<p class=\" eplus-wrapper\"><\/p>\n","protected":false},"excerpt":{"rendered":"<p>Test de niveau de fran\u00e7ais \u2013 TEF Qu\u00e9bec (TEFAQ) Ce test de niveau gratuit a pour objectif de vous aider [&hellip;]<\/p>\n","protected":false},"author":19,"featured_media":4990,"parent":0,"menu_order":0,"comment_status":"closed","ping_status":"closed","template":"","meta":{"_acf_changed":false,"_yoast_wpseo_focuskw":"Essai Gratuit Simulations TEF Qu\u00e9bec","_yoast_wpseo_metadesc":"Testez gratuitement nos simulations TEF Qu\u00e9bec pour l\u2019oral et l\u2019\u00e9crit. Pr\u00e9parez-vous au Test de Connaissance du Fran\u00e7ais en toute s\u00e9r\u00e9nit\u00e9.","_uag_custom_page_level_css":"","editor_plus_copied_stylings":"{}","_yoast_wpseo_focuskw_synonyms":"","site-sidebar-layout":"default","site-content-layout":"","ast-site-content-layout":"","site-content-style":"default","site-sidebar-style":"default","ast-global-header-display":"","ast-banner-title-visibility":"","ast-main-header-display":"","ast-hfb-above-header-display":"","ast-hfb-below-header-display":"","ast-hfb-mobile-header-display":"","site-post-title":"disabled","ast-breadcrumbs-content":"","ast-featured-img":"disabled","footer-sml-layout":"","ast-disable-related-posts":"","theme-transparent-header-meta":"","adv-header-id-meta":"","stick-header-meta":"","header-above-stick-meta":"","header-main-stick-meta":"","header-below-stick-meta":"","astra-migrate-meta-layouts":"default","ast-page-background-enabled":"default","ast-page-background-meta":{"desktop":{"background-color":"var(--ast-global-color-4)","background-image":"","background-repeat":"repeat","background-position":"center center","background-size":"auto","background-attachment":"scroll","background-type":"","background-media":"","overlay-type":"","overlay-color":"","overlay-opacity":"","overlay-gradient":""},"tablet":{"background-color":"","background-image":"","background-repeat":"repeat","background-position":"center center","background-size":"auto","background-attachment":"scroll","background-type":"","background-media":"","overlay-type":"","overlay-color":"","overlay-opacity":"","overlay-gradient":""},"mobile":{"background-color":"","background-image":"","background-repeat":"repeat","background-position":"center center","background-size":"auto","background-attachment":"scroll","background-type":"","background-media":"","overlay-type":"","overlay-color":"","overlay-opacity":"","overlay-gradient":""}},"ast-content-background-meta":{"desktop":{"background-color":"var(--ast-global-color-5)","background-image":"","background-repeat":"repeat","background-position":"center center","background-size":"auto","background-attachment":"scroll","background-type":"","background-media":"","overlay-type":"","overlay-color":"","overlay-opacity":"","overlay-gradient":""},"tablet":{"background-color":"var(--ast-global-color-5)","background-image":"","background-repeat":"repeat","background-position":"center center","background-size":"auto","background-attachment":"scroll","background-type":"","background-media":"","overlay-type":"","overlay-color":"","overlay-opacity":"","overlay-gradient":""},"mobile":{"background-color":"var(--ast-global-color-5)","background-image":"","background-repeat":"repeat","background-position":"center center","background-size":"auto","background-attachment":"scroll","background-type":"","background-media":"","overlay-type":"","overlay-color":"","overlay-opacity":"","overlay-gradient":""}},"footnotes":""},"class_list":["post-6302","page","type-page","status-publish","has-post-thumbnail","hentry"],"acf":[],"yoast_head":"<!-- This site is optimized with the Yoast SEO Premium plugin v24.0 (Yoast SEO v26.1.1) - https:\/\/yoast.com\/wordpress\/plugins\/seo\/ -->\n<title>Essai Gratuit Simulations TEF Qu\u00e9bec<\/title>\n<meta name=\"description\" content=\"Testez gratuitement nos simulations TEF Qu\u00e9bec pour l\u2019oral et l\u2019\u00e9crit. Pr\u00e9parez-vous au Test de Connaissance du Fran\u00e7ais en toute s\u00e9r\u00e9nit\u00e9.\" \/>\n<meta name=\"robots\" content=\"noindex, follow, max-snippet:-1, max-image-preview:large, max-video-preview:-1\" \/>\n<meta property=\"og:locale\" content=\"fr_FR\" \/>\n<meta property=\"og:type\" content=\"article\" \/>\n<meta property=\"og:title\" content=\"Test de niveau gratuit - TEF Qu\u00e9bec TEFAQ\" \/>\n<meta property=\"og:description\" content=\"The French Test Simulator platform provides realistic simulations to help you effectively prepare for the ELS-ELO, TCF, and TEF oral exams. It offers detailed feedback, personalized coaching, and flexible preparation to help you achieve your best results.\" \/>\n<meta property=\"og:url\" content=\"https:\/\/frenchtestsimulator.com\/beta\/fr\/test-de-niveau-gratuit-tefquebec-tefaq\/\" \/>\n<meta property=\"og:site_name\" content=\"FTS BETA\" \/>\n<meta property=\"article:publisher\" content=\"https:\/\/www.facebook.com\/frenchtestsimulator\" \/>\n<meta property=\"article:modified_time\" content=\"2026-01-13T07:01:33+00:00\" \/>\n<meta property=\"og:image\" content=\"https:\/\/frenchtestsimulator.com\/beta\/wp-content\/uploads\/2025\/03\/Copie-de-Copie-de-Images-pour-Free-Trial-6_custom_67d3d85f9d37e.png\" \/>\n\t<meta property=\"og:image:width\" content=\"1080\" \/>\n\t<meta property=\"og:image:height\" content=\"1080\" \/>\n\t<meta property=\"og:image:type\" content=\"image\/png\" \/>\n<meta name=\"twitter:card\" content=\"summary_large_image\" \/>\n<meta name=\"twitter:label1\" content=\"Dur\u00e9e de lecture estim\u00e9e\" \/>\n\t<meta name=\"twitter:data1\" content=\"2 minutes\" \/>\n<script type=\"application\/ld+json\" class=\"yoast-schema-graph\">{\"@context\":\"https:\/\/schema.org\",\"@graph\":[{\"@type\":\"WebPage\",\"@id\":\"https:\/\/frenchtestsimulator.com\/beta\/fr\/test-de-niveau-gratuit-tefquebec-tefaq\/\",\"url\":\"https:\/\/frenchtestsimulator.com\/beta\/fr\/test-de-niveau-gratuit-tefquebec-tefaq\/\",\"name\":\"Essai Gratuit Simulations TEF Qu\u00e9bec\",\"isPartOf\":{\"@id\":\"https:\/\/frenchtestsimulator.com\/beta\/#website\"},\"primaryImageOfPage\":{\"@id\":\"https:\/\/frenchtestsimulator.com\/beta\/fr\/test-de-niveau-gratuit-tefquebec-tefaq\/#primaryimage\"},\"image\":{\"@id\":\"https:\/\/frenchtestsimulator.com\/beta\/fr\/test-de-niveau-gratuit-tefquebec-tefaq\/#primaryimage\"},\"thumbnailUrl\":\"https:\/\/frenchtestsimulator.com\/beta\/wp-content\/uploads\/2025\/03\/Copie-de-Copie-de-Images-pour-Free-Trial-6_custom_67d3d85f9d37e.png\",\"datePublished\":\"2025-04-01T02:52:44+00:00\",\"dateModified\":\"2026-01-13T07:01:33+00:00\",\"description\":\"Testez gratuitement nos simulations TEF Qu\u00e9bec pour l\u2019oral et l\u2019\u00e9crit. Pr\u00e9parez-vous au Test de Connaissance du Fran\u00e7ais en toute s\u00e9r\u00e9nit\u00e9.\",\"breadcrumb\":{\"@id\":\"https:\/\/frenchtestsimulator.com\/beta\/fr\/test-de-niveau-gratuit-tefquebec-tefaq\/#breadcrumb\"},\"inLanguage\":\"fr-FR\",\"potentialAction\":[{\"@type\":\"ReadAction\",\"target\":[\"https:\/\/frenchtestsimulator.com\/beta\/fr\/test-de-niveau-gratuit-tefquebec-tefaq\/\"]}]},{\"@type\":\"ImageObject\",\"inLanguage\":\"fr-FR\",\"@id\":\"https:\/\/frenchtestsimulator.com\/beta\/fr\/test-de-niveau-gratuit-tefquebec-tefaq\/#primaryimage\",\"url\":\"https:\/\/frenchtestsimulator.com\/beta\/wp-content\/uploads\/2025\/03\/Copie-de-Copie-de-Images-pour-Free-Trial-6_custom_67d3d85f9d37e.png\",\"contentUrl\":\"https:\/\/frenchtestsimulator.com\/beta\/wp-content\/uploads\/2025\/03\/Copie-de-Copie-de-Images-pour-Free-Trial-6_custom_67d3d85f9d37e.png\",\"width\":1080,\"height\":1080},{\"@type\":\"BreadcrumbList\",\"@id\":\"https:\/\/frenchtestsimulator.com\/beta\/fr\/test-de-niveau-gratuit-tefquebec-tefaq\/#breadcrumb\",\"itemListElement\":[{\"@type\":\"ListItem\",\"position\":1,\"name\":\"Home\",\"item\":\"https:\/\/frenchtestsimulator.com\/beta\/\"},{\"@type\":\"ListItem\",\"position\":2,\"name\":\"Test de niveau gratuit &#8211; TEF Qu\u00e9bec TEFAQ\"}]},{\"@type\":\"WebSite\",\"@id\":\"https:\/\/frenchtestsimulator.com\/beta\/#website\",\"url\":\"https:\/\/frenchtestsimulator.com\/beta\/\",\"name\":\"French Test Simulator\",\"description\":\"AI &amp; Best teachers to simulate TCF , TEF , ELS-ELO\",\"publisher\":{\"@id\":\"https:\/\/frenchtestsimulator.com\/beta\/#organization\"},\"alternateName\":\"French language Tests Simulator\",\"potentialAction\":[{\"@type\":\"SearchAction\",\"target\":{\"@type\":\"EntryPoint\",\"urlTemplate\":\"https:\/\/frenchtestsimulator.com\/beta\/?s={search_term_string}\"},\"query-input\":{\"@type\":\"PropertyValueSpecification\",\"valueRequired\":true,\"valueName\":\"search_term_string\"}}],\"inLanguage\":\"fr-FR\"},{\"@type\":\"Organization\",\"@id\":\"https:\/\/frenchtestsimulator.com\/beta\/#organization\",\"name\":\"French Test Simulator\",\"alternateName\":\"FTS\",\"url\":\"https:\/\/frenchtestsimulator.com\/beta\/\",\"logo\":{\"@type\":\"ImageObject\",\"inLanguage\":\"fr-FR\",\"@id\":\"https:\/\/frenchtestsimulator.com\/beta\/#\/schema\/logo\/image\/\",\"url\":\"https:\/\/frenchtestsimulator.com\/beta\/wp-content\/uploads\/2024\/11\/Selected-Logo-2_custom_67414a646def7.png\",\"contentUrl\":\"https:\/\/frenchtestsimulator.com\/beta\/wp-content\/uploads\/2024\/11\/Selected-Logo-2_custom_67414a646def7.png\",\"width\":250,\"height\":250,\"caption\":\"French Test Simulator\"},\"image\":{\"@id\":\"https:\/\/frenchtestsimulator.com\/beta\/#\/schema\/logo\/image\/\"},\"sameAs\":[\"https:\/\/www.facebook.com\/frenchtestsimulator\",\"https:\/\/www.instagram.com\/frenchtestsimulator\"],\"description\":\"The French Test Simulator platform provides realistic simulations to help you effectively prepare for the ELS-ELO, TCF, and TEF oral exams. It offers detailed feedback, personalized coaching, and flexible preparation to help you achieve your best results.\",\"email\":\"support@frenchtestsimulator.com\",\"telephone\":\"+1 613-791-7378\",\"legalName\":\"Technolanguages Services Inc.\",\"foundingDate\":\"2024-12-01\",\"numberOfEmployees\":{\"@type\":\"QuantitativeValue\",\"minValue\":\"1\",\"maxValue\":\"10\"}}]}<\/script>\n<!-- \/ Yoast SEO Premium plugin. -->","yoast_head_json":{"title":"Essai Gratuit Simulations TEF Qu\u00e9bec","description":"Testez gratuitement nos simulations TEF Qu\u00e9bec pour l\u2019oral et l\u2019\u00e9crit. Pr\u00e9parez-vous au Test de Connaissance du Fran\u00e7ais en toute s\u00e9r\u00e9nit\u00e9.","robots":{"index":"noindex","follow":"follow","max-snippet":"max-snippet:-1","max-image-preview":"max-image-preview:large","max-video-preview":"max-video-preview:-1"},"og_locale":"fr_FR","og_type":"article","og_title":"Test de niveau gratuit - TEF Qu\u00e9bec TEFAQ","og_description":"The French Test Simulator platform provides realistic simulations to help you effectively prepare for the ELS-ELO, TCF, and TEF oral exams. It offers detailed feedback, personalized coaching, and flexible preparation to help you achieve your best results.","og_url":"https:\/\/frenchtestsimulator.com\/beta\/fr\/test-de-niveau-gratuit-tefquebec-tefaq\/","og_site_name":"FTS BETA","article_publisher":"https:\/\/www.facebook.com\/frenchtestsimulator","article_modified_time":"2026-01-13T07:01:33+00:00","og_image":[{"width":1080,"height":1080,"url":"https:\/\/frenchtestsimulator.com\/beta\/wp-content\/uploads\/2025\/03\/Copie-de-Copie-de-Images-pour-Free-Trial-6_custom_67d3d85f9d37e.png","type":"image\/png"}],"twitter_card":"summary_large_image","twitter_misc":{"Dur\u00e9e de lecture estim\u00e9e":"2 minutes"},"schema":{"@context":"https:\/\/schema.org","@graph":[{"@type":"WebPage","@id":"https:\/\/frenchtestsimulator.com\/beta\/fr\/test-de-niveau-gratuit-tefquebec-tefaq\/","url":"https:\/\/frenchtestsimulator.com\/beta\/fr\/test-de-niveau-gratuit-tefquebec-tefaq\/","name":"Essai Gratuit Simulations TEF Qu\u00e9bec","isPartOf":{"@id":"https:\/\/frenchtestsimulator.com\/beta\/#website"},"primaryImageOfPage":{"@id":"https:\/\/frenchtestsimulator.com\/beta\/fr\/test-de-niveau-gratuit-tefquebec-tefaq\/#primaryimage"},"image":{"@id":"https:\/\/frenchtestsimulator.com\/beta\/fr\/test-de-niveau-gratuit-tefquebec-tefaq\/#primaryimage"},"thumbnailUrl":"https:\/\/frenchtestsimulator.com\/beta\/wp-content\/uploads\/2025\/03\/Copie-de-Copie-de-Images-pour-Free-Trial-6_custom_67d3d85f9d37e.png","datePublished":"2025-04-01T02:52:44+00:00","dateModified":"2026-01-13T07:01:33+00:00","description":"Testez gratuitement nos simulations TEF Qu\u00e9bec pour l\u2019oral et l\u2019\u00e9crit. Pr\u00e9parez-vous au Test de Connaissance du Fran\u00e7ais en toute s\u00e9r\u00e9nit\u00e9.","breadcrumb":{"@id":"https:\/\/frenchtestsimulator.com\/beta\/fr\/test-de-niveau-gratuit-tefquebec-tefaq\/#breadcrumb"},"inLanguage":"fr-FR","potentialAction":[{"@type":"ReadAction","target":["https:\/\/frenchtestsimulator.com\/beta\/fr\/test-de-niveau-gratuit-tefquebec-tefaq\/"]}]},{"@type":"ImageObject","inLanguage":"fr-FR","@id":"https:\/\/frenchtestsimulator.com\/beta\/fr\/test-de-niveau-gratuit-tefquebec-tefaq\/#primaryimage","url":"https:\/\/frenchtestsimulator.com\/beta\/wp-content\/uploads\/2025\/03\/Copie-de-Copie-de-Images-pour-Free-Trial-6_custom_67d3d85f9d37e.png","contentUrl":"https:\/\/frenchtestsimulator.com\/beta\/wp-content\/uploads\/2025\/03\/Copie-de-Copie-de-Images-pour-Free-Trial-6_custom_67d3d85f9d37e.png","width":1080,"height":1080},{"@type":"BreadcrumbList","@id":"https:\/\/frenchtestsimulator.com\/beta\/fr\/test-de-niveau-gratuit-tefquebec-tefaq\/#breadcrumb","itemListElement":[{"@type":"ListItem","position":1,"name":"Home","item":"https:\/\/frenchtestsimulator.com\/beta\/"},{"@type":"ListItem","position":2,"name":"Test de niveau gratuit &#8211; TEF Qu\u00e9bec TEFAQ"}]},{"@type":"WebSite","@id":"https:\/\/frenchtestsimulator.com\/beta\/#website","url":"https:\/\/frenchtestsimulator.com\/beta\/","name":"French Test Simulator","description":"AI &amp; Best teachers to simulate TCF , TEF , ELS-ELO","publisher":{"@id":"https:\/\/frenchtestsimulator.com\/beta\/#organization"},"alternateName":"French language Tests Simulator","potentialAction":[{"@type":"SearchAction","target":{"@type":"EntryPoint","urlTemplate":"https:\/\/frenchtestsimulator.com\/beta\/?s={search_term_string}"},"query-input":{"@type":"PropertyValueSpecification","valueRequired":true,"valueName":"search_term_string"}}],"inLanguage":"fr-FR"},{"@type":"Organization","@id":"https:\/\/frenchtestsimulator.com\/beta\/#organization","name":"French Test Simulator","alternateName":"FTS","url":"https:\/\/frenchtestsimulator.com\/beta\/","logo":{"@type":"ImageObject","inLanguage":"fr-FR","@id":"https:\/\/frenchtestsimulator.com\/beta\/#\/schema\/logo\/image\/","url":"https:\/\/frenchtestsimulator.com\/beta\/wp-content\/uploads\/2024\/11\/Selected-Logo-2_custom_67414a646def7.png","contentUrl":"https:\/\/frenchtestsimulator.com\/beta\/wp-content\/uploads\/2024\/11\/Selected-Logo-2_custom_67414a646def7.png","width":250,"height":250,"caption":"French Test Simulator"},"image":{"@id":"https:\/\/frenchtestsimulator.com\/beta\/#\/schema\/logo\/image\/"},"sameAs":["https:\/\/www.facebook.com\/frenchtestsimulator","https:\/\/www.instagram.com\/frenchtestsimulator"],"description":"The French Test Simulator platform provides realistic simulations to help you effectively prepare for the ELS-ELO, TCF, and TEF oral exams. It offers detailed feedback, personalized coaching, and flexible preparation to help you achieve your best results.","email":"support@frenchtestsimulator.com","telephone":"+1 613-791-7378","legalName":"Technolanguages Services Inc.","foundingDate":"2024-12-01","numberOfEmployees":{"@type":"QuantitativeValue","minValue":"1","maxValue":"10"}}]}},"lang":"fr","translations":{"fr":6302,"en":6596},"pbg_featured_image_src":{"full":["https:\/\/frenchtestsimulator.com\/beta\/wp-content\/uploads\/2025\/03\/Copie-de-Copie-de-Images-pour-Free-Trial-6_custom_67d3d85f9d37e.png",1080,1080,false],"thumbnail":["https:\/\/frenchtestsimulator.com\/beta\/wp-content\/uploads\/2025\/03\/Copie-de-Copie-de-Images-pour-Free-Trial-6_custom_67d3d85f9d37e-150x150.png",150,150,true],"medium":["https:\/\/frenchtestsimulator.com\/beta\/wp-content\/uploads\/2025\/03\/Copie-de-Copie-de-Images-pour-Free-Trial-6_custom_67d3d85f9d37e-300x300.png",300,300,true],"medium_large":["https:\/\/frenchtestsimulator.com\/beta\/wp-content\/uploads\/2025\/03\/Copie-de-Copie-de-Images-pour-Free-Trial-6_custom_67d3d85f9d37e-768x768.png",768,768,true],"large":["https:\/\/frenchtestsimulator.com\/beta\/wp-content\/uploads\/2025\/03\/Copie-de-Copie-de-Images-pour-Free-Trial-6_custom_67d3d85f9d37e-1024x1024.png",1024,1024,true],"1536x1536":["https:\/\/frenchtestsimulator.com\/beta\/wp-content\/uploads\/2025\/03\/Copie-de-Copie-de-Images-pour-Free-Trial-6_custom_67d3d85f9d37e.png",1080,1080,false],"2048x2048":["https:\/\/frenchtestsimulator.com\/beta\/wp-content\/uploads\/2025\/03\/Copie-de-Copie-de-Images-pour-Free-Trial-6_custom_67d3d85f9d37e.png",1080,1080,false],"woocommerce_thumbnail":["https:\/\/frenchtestsimulator.com\/beta\/wp-content\/uploads\/2025\/03\/Copie-de-Copie-de-Images-pour-Free-Trial-6_custom_67d3d85f9d37e-300x300.png",300,300,true],"woocommerce_single":["https:\/\/frenchtestsimulator.com\/beta\/wp-content\/uploads\/2025\/03\/Copie-de-Copie-de-Images-pour-Free-Trial-6_custom_67d3d85f9d37e-600x600.png",600,600,true],"woocommerce_gallery_thumbnail":["https:\/\/frenchtestsimulator.com\/beta\/wp-content\/uploads\/2025\/03\/Copie-de-Copie-de-Images-pour-Free-Trial-6_custom_67d3d85f9d37e-100x100.png",100,100,true]},"pbg_author_info":{"display_name":"\u00c9quipe OralTestSimulator","author_link":"https:\/\/frenchtestsimulator.com\/beta\/author\/proprio\/","author_img":"<img alt='\u00c9quipe OralTestSimulator' src='https:\/\/secure.gravatar.com\/avatar\/4517c02cf0891a152cb1c6ca32675ad337e582bc23c96ae96b5563be54326f15?s=128&#038;d=mm&#038;r=g' srcset='https:\/\/secure.gravatar.com\/avatar\/4517c02cf0891a152cb1c6ca32675ad337e582bc23c96ae96b5563be54326f15?s=256&#038;d=mm&#038;r=g 2x' class='avatar avatar-128 photo' height='128' width='128' decoding='async'\/>"},"pbg_comment_info":" No Comments","pbg_excerpt":"Test de niveau de fran\u00e7ais \u2013 TEF Qu\u00e9bec (TEFAQ) Ce test de niveau gratuit a pour objectif de vous aider [&hellip;]","uagb_featured_image_src":{"full":["https:\/\/frenchtestsimulator.com\/beta\/wp-content\/uploads\/2025\/03\/Copie-de-Copie-de-Images-pour-Free-Trial-6_custom_67d3d85f9d37e.png",1080,1080,false],"thumbnail":["https:\/\/frenchtestsimulator.com\/beta\/wp-content\/uploads\/2025\/03\/Copie-de-Copie-de-Images-pour-Free-Trial-6_custom_67d3d85f9d37e-150x150.png",150,150,true],"medium":["https:\/\/frenchtestsimulator.com\/beta\/wp-content\/uploads\/2025\/03\/Copie-de-Copie-de-Images-pour-Free-Trial-6_custom_67d3d85f9d37e-300x300.png",300,300,true],"medium_large":["https:\/\/frenchtestsimulator.com\/beta\/wp-content\/uploads\/2025\/03\/Copie-de-Copie-de-Images-pour-Free-Trial-6_custom_67d3d85f9d37e-768x768.png",768,768,true],"large":["https:\/\/frenchtestsimulator.com\/beta\/wp-content\/uploads\/2025\/03\/Copie-de-Copie-de-Images-pour-Free-Trial-6_custom_67d3d85f9d37e-1024x1024.png",1024,1024,true],"1536x1536":["https:\/\/frenchtestsimulator.com\/beta\/wp-content\/uploads\/2025\/03\/Copie-de-Copie-de-Images-pour-Free-Trial-6_custom_67d3d85f9d37e.png",1080,1080,false],"2048x2048":["https:\/\/frenchtestsimulator.com\/beta\/wp-content\/uploads\/2025\/03\/Copie-de-Copie-de-Images-pour-Free-Trial-6_custom_67d3d85f9d37e.png",1080,1080,false],"woocommerce_thumbnail":["https:\/\/frenchtestsimulator.com\/beta\/wp-content\/uploads\/2025\/03\/Copie-de-Copie-de-Images-pour-Free-Trial-6_custom_67d3d85f9d37e-300x300.png",300,300,true],"woocommerce_single":["https:\/\/frenchtestsimulator.com\/beta\/wp-content\/uploads\/2025\/03\/Copie-de-Copie-de-Images-pour-Free-Trial-6_custom_67d3d85f9d37e-600x600.png",600,600,true],"woocommerce_gallery_thumbnail":["https:\/\/frenchtestsimulator.com\/beta\/wp-content\/uploads\/2025\/03\/Copie-de-Copie-de-Images-pour-Free-Trial-6_custom_67d3d85f9d37e-100x100.png",100,100,true]},"uagb_author_info":{"display_name":"\u00c9quipe OralTestSimulator","author_link":"https:\/\/frenchtestsimulator.com\/beta\/author\/proprio\/"},"uagb_comment_info":0,"uagb_excerpt":"Test de niveau de fran\u00e7ais \u2013 TEF Qu\u00e9bec (TEFAQ) Ce test de niveau gratuit a pour objectif de vous aider [&hellip;]","pll_sync_post":[],"_links":{"self":[{"href":"https:\/\/frenchtestsimulator.com\/beta\/wp-json\/wp\/v2\/pages\/6302","targetHints":{"allow":["GET"]}}],"collection":[{"href":"https:\/\/frenchtestsimulator.com\/beta\/wp-json\/wp\/v2\/pages"}],"about":[{"href":"https:\/\/frenchtestsimulator.com\/beta\/wp-json\/wp\/v2\/types\/page"}],"author":[{"embeddable":true,"href":"https:\/\/frenchtestsimulator.com\/beta\/wp-json\/wp\/v2\/users\/19"}],"replies":[{"embeddable":true,"href":"https:\/\/frenchtestsimulator.com\/beta\/wp-json\/wp\/v2\/comments?post=6302"}],"version-history":[{"count":13,"href":"https:\/\/frenchtestsimulator.com\/beta\/wp-json\/wp\/v2\/pages\/6302\/revisions"}],"predecessor-version":[{"id":11432,"href":"https:\/\/frenchtestsimulator.com\/beta\/wp-json\/wp\/v2\/pages\/6302\/revisions\/11432"}],"wp:featuredmedia":[{"embeddable":true,"href":"https:\/\/frenchtestsimulator.com\/beta\/wp-json\/wp\/v2\/media\/4990"}],"wp:attachment":[{"href":"https:\/\/frenchtestsimulator.com\/beta\/wp-json\/wp\/v2\/media?parent=6302"}],"curies":[{"name":"wp","href":"https:\/\/api.w.org\/{rel}","templated":true}]}}